)/(-68) - (-100)/(-272))*-32. Let w(i) = -i**3 + 6*i**2 + 11*i + 4. Determine w(h).
-36
Let k(u) = 2*u**3 + 8*u**2 + 13*u + 11. Let t(p) = -6 - 10*p**3 - 4*p**2 + 9*p**3 - 8*p + 4*p - 3*p. Let z(l) = -6*k(l) - 11*t(l). Give z(-4).
4
Let m = -159 + 155. Let n(j) = j. What is n(m)?
-4
Let a(t) = 59*t + 9. Let b(r) = -85*r - 11. Let i(s) = -3*a(s) - 2*b(s). Let o be 1/1*1*-4. Calculate i(o).
23
Let s(t) = t**3 + 10*t**2 - 3*t + 3. Let a = -1222 - -1212. Give s(a).
33
Suppose 17*k = 23*k - 12. Let t(m) = 3*m**2 - m - 1. Give t(k).
9
Let c(o) = -4 - 6 + 0*o + 6 + o. Let u(q) = -q**2 + 6*q + 4. Let k(w) = -w**2 + 12*w - 14. Let p be k(10). Let z be u(p). Calculate c(z).
0
Let v(p) = -4*p + 70. Suppose -4*k + 56 = -4*b, 19*b + 76 = 5*k + 17*b. Give v(k).
6
Let g(y) = y**2 + 25*y + 113. Let t be g(-19). Let b(z) = 2*z + 6*z**2 + 9*z**2 - z. Calculate b(t).
14
Suppose -f - f - 6 = 2*g, 15 = 5*f - 5*g. Suppose -4*l - 28 = -3*j, -3*l + 5*j = -f*l + 21. Let z(n) = -n**3 - 7*n**2 - 7. What is z(l)?
-7
Let i(d) = 3*d**2 - 3*d + 2. Let a be i(2). Suppose 135 = 5*v + 4*v. Let o(w) = -v + 1 + 10*w - w**2 - 2 + 4. What is o(a)?
4
Suppose -56 = -4*s - 3*a + 6*a, 0 = 3*s - 5*a - 53. Let q(c) = -c - 2. Let u be q(s). Let m = u - -18. Let j(y) = y - 5. What is j(m)?
0
Suppose 0*a - 4*o - 44 = -4*a, -5*a = o - 61. Suppose -14 = 2*c - a. Let x(z) = -6*z**2. Determine x(c).
-6
Let x(u) = 2*u - 3. Let w(q) = -5*q + 7. Let z = 4 + -11. Let g(m) = z*x(m) - 3*w(m). What is g(3)?
3
Let k(p) be the second derivative of 1/4*p**4 - 1/720*p**6 - 1/120*p**5 + 0 + 0*p**2 + 0*p**3 + p. Let t(n) be the third derivative of k(n). Calculate t(4).
-5
Let q = -491 - -496. Let r(h) = 7*h - 2. Determine r(q).
33
Let c(j) = -j**2 - 5*j + 1. Suppose -46*g + 41*g = -35. Let v(p) = p**2 - 8*p + 2. Let l be v(g). What is c(l)?
1
Let t(z) = -10*z**2 - z + 1. Let g = 9 - -20. Suppose 4 = g*m - 25*m. Give t(m).
-10
Let r(i) = -i**2 - 6*i + 5. Let a be r(-7). Let x(l) be the third derivative of l**5/30 + l**4/24 + 79*l**2. What is x(a)?
6
Let q = 13 - 11. Let k(j) = -4*j + 3*j + 0*j - 4 + j**q + 0*j. Give k(0).
-4
Let s(a) = -a**3 + 8*a**2 + 7*a + 20. Let k be s(9). Let v(y) = 1 + 8 - 6 + y**3 - y**2 - 2. Calculate v(k).
5
Let i(f) = 5*f + f**2 + 10 - f**3 - 5*f**2 + 2*f - 6. Give i(-5).
-6
Let h be 0/2 - (4 + -1). Let y(g) be the third derivative of 0*g + 1/6*g**3 + 0 - 1/24*g**4 - g**2. Determine y(h).
4
Let q(s) = 14*s - 2*s**2 + 0*s + 2*s**2 - 3*s**2 + 2 + 2*s**2. Determine q(14).
2
Suppose 2*y + 12 = -2*y. Suppose -s - 7 + 10 = 0. Let g(v) = 4*v + 2*v - s*v - v. Calculate g(y).
-6
Let i(n) = -9*n + 34. Let r(a) = 6*a - 32. Let c(x) = 3*i(x) + 4*r(x). Give c(-8).
-2
Let w(h) = -29*h + 3. Let d(z) = -z**2 + 7*z + 9. Let n be d(8). Calculate w(n).
-26
Let o(u) = u**2 + 2*u + 14. Let v(d) = -3*d + 6. Let q be v(4). Let t(b) = b - 1. Let z(j) = q*t(j) - o(j). Calculate z(-6).
4
Let o(c) = 23*c**3 - 36*c**2 - 43*c + 51. Let g(x) = 7*x**3 - 12*x**2 - 14*x + 17. Let q(r) = 13*g(r) - 4*o(r). Calculate q(-11).
6
Suppose g = -2*f + 1 - 3, 0 = 4*f - 4*g - 20. Let h(n) be the second derivative of n**4/6 + n**3/6 + 36*n. Determine h(f).
3
Let s(x) be the third derivative of x**4/12 - x**3/6 + x**2 - 127*x. What is s(4)?
7
Let a(h) = -h**3 + 7*h**2 + h - 5. Suppose -381*q + 377*q = 220. Let l = q + 62. Give a(l).
2
Let v(b) = -2 + 8 + b - 2. Let j = -58 - -56. Determine v(j).
2
Let f = -51 - -35. Let k = -31 - f. Let a be ((-2)/6)/((-1)/k). Let v(l) = -l**2 - 8*l - 6. Determine v(a).
9
Let t be ((-8)/(-28))/((-2)/(-518)). Suppose -3*r - 17 = -t. Suppose -4*d - r = -43. Let s(m) = m**2 - 7*m - 1. What is s(d)?
-7
Let j(w) = -6*w**3 - 12*w**2 - 4*w - 7. Let n(g) = -7*g**3 - 14*g**2 - 5*g - 8. Let m(k) = 6*j(k) - 5*n(k). Determine m(2).
-16
Let z = 21 - 16. Let q(a) = -3*a - 3*a + z*a - 4 + 2. What is q(-3)?
1
Let z(g) be the third derivative of -g**2 - 1/60*g**5 + 0*g + 0 - 1/4*g**4 + 1/3*g**3. Let m(v) = 10*v**2 + 760*v - 5. Let s be m(-76). Calculate z(s).
7
Let y = 3462 + -3460. Let k(a) = -7*a + 5. Let j(u) = 6*u - 4. Let x(o) = -4*j(o) - 3*k(o). Give x(y).
-5
Let v(p) = -10*p**2 + 12*p - 25. Let y(h) = -9*h**2 + 11*h - 20. Let k(f) = -4*v(f) + 5*y(f). What is k(4)?
-52
Suppose 2*b = 0, 0 = -9*q + 12*q + 3*b. Let p(d) = -d**3 + 30. Calculate p(q).
30
Let p(h) = h**2 + 2*h - 3. Suppose 3*k = l - 2*k + 10, l = 2*k + 5. Suppose 2*x = -x - l. Calculate p(x).
12
Let w(c) be the third derivative of -c**5/60 - 3*c**4/8 + 13*c**3/6 + 8*c**2. Let q = 121 + -81. Suppose 3*m + q = -m. What is w(m)?
3
Let o(m) = -2*m + 1. Let l be (1*(-1 - -3) - -10)*3. Suppose l - 39 = 3*k. Give o(k).
3
Let c(z) = -z**3 + 7*z**2 - 14*z + 36. Suppose -19*s = -89 - 25. What is c(s)?
-12
Let b(f) = f**3 + 3*f**2 + 4*f. Let g = -491 + 488. Give b(g).
-12
Let x be 22/198 - 34/(-18). Let p(k) = -3*k**3 + 2*k**2 - 3*k + 1. Calculate p(x).
-21
Let q(b) be the third derivative of -b**4/24 - 7*b**3/3 - 158*b**2. Determine q(-8).
-6
Suppose -26*g + 28*g = 10. Suppose 5*o + 16 = o, -g*h = -2*o - 33. Let f(k) = 2*k - 3. Determine f(h).
7
Suppose -3*v = 13 + 5. Let i = -12 - -14. Let c(k) = -3 + 4*k - 3*k + 0 + i. Give c(v).
-7
Let d = -50 + 53. Suppose 2*t - 4*j - d = 1, 3*t + j + 29 = 0. Let f(a) = -a**3 - 8*a**2 + a - 1. Give f(t).
-9
Let u(h) = -4*h + 4. Suppose b = 2*j + j - 4, 0 = -2*b - 2*j + 24. Determine u(b).
-28
Suppose -3*a - 208 = -7*a. Let v(k) = -51*k - a*k - 2 + 104*k. Determine v(-3).
-5
Let x be 90/(-12)*(-6)/5. Suppose -k = x - 8. Let b = k + 1. Let c(i) = i**3 - i**2 - i + 1. What is c(b)?
1
Let a(n) be the second derivative of 7/24*n**4 + 0*n**2 - 1/360*n**6 - 1/40*n**5 + 0 - 1/2*n**3 - 2*n. Let s(c) be the second derivative of a(c). What is s(-6)?
-11
Suppose 0 = 8*t + t + 72. Let i(q) = q**2 + 9*q + 4. Give i(t).
-4
Let l be 1/(46/92*2/7). Let s(w) be the first derivative of 3*w**2 + 1/3*w**3 + l + w. Give s(-4).
-7
Let l = -16 + 2. Let a be l/6 + 2/(-3). Let z(b) = 74355*b - 2 + 1 - b**2 - 74356*b. What is z(a)?
-7
Let h(d) = -42*d**2 - 16*d - 16. Let v(m) = 8*m**2 + 3*m + 3. Let t(q) = 3*h(q) + 16*v(q). What is t(3)?
18
Let c(o) = 2*o**2 - 1. Let l(v) = -7*v**2 + 7*v + 1. Let z(m) = 3*c(m) + l(m). Calculate z(3).
10
Let z(o) be the second derivative of -o + 1/2*o**2 + 1/20*o**5 - 1/3*o**3 + 0 + 1/6*o**4. Suppose 0 = 5*l + 5*s + 40, -4*l - 4*s = -l + 29. What is z(l)?
-2
Let z(c) = 4*c**2 - 13*c - 11. Let q(n) = 5*n**2 - 14*n - 12. Let g(o) = -5*q(o) + 6*z(o). Let y = -39 + 31. What is g(y)?
-6
Let m(g) = g**2 - 6*g - 2. Suppose 0 = -3*b + 12 - 6. Suppose -1 = -r - o + 5, 3*r - 13 = b*o. Let p be (-2 + 5)*(r - 3). Calculate m(p).
-2
Let j(z) = 9*z - 1. Suppose m - 22 = -p - 3*p, 2*p = -4. Let u be (m/(-21))/((-2)/14). Let w be (-15)/u*-2 + -4. Calculate j(w).
-10
Let q be 2/(-9) + (-52)/9. Let b(n) = -181*n - 194*n + 373*n - n**3 - 2 - 6*n**2. Calculate b(q).
10
Suppose -2 = -i + 1. Suppose 0 = -2*f - i*d, -2*f + 13 = -4*d - 1. Let s(k) be the first derivative of k**3/3 - 2*k**2 + 4*k + 2. Determine s(f).
1
Let x(q) = -2*q - 3. Let j(v) = -v - 4. Suppose -10*o + 5*o + 2*z + 15 = 0, -3*z = 0. Let a(n) = o*j(n) - 2*x(n). Determine a(-6).
-12
Let u(m) = 6*m - 2*m + 2*m**3 + 4 - m**3 + 5*m**2. Let p be u(-4). Let a(o) = -651 + 2*o + 1311 - 660. What is a(p)?
8
Let p(x) be the second derivative of x**3/6 + 5*x**2 - 3*x. Let g be p(-8). Let i(s) = -s**3 - 5*s + 4*s**g + 3*s + 0*s**3. Calculate i(4).
-8
Let c(t) be the first derivative of 1/3*t**3 - 40 + 3*t**2 + 3*t. Calculate c(-7).
10
Let n(u) = 4*u - 5. Let o(h) = 6*h - 15. Let x(i) = -i. Let l(w) = -o(w) + 5*x(w). Let v(c) = -3*l(c) - 8*n(c). Suppose 0 = g - 6*g. Give v(g).
-5
Let j(h) be the second derivative of h**3/6 + 7*h**2 - 41*h. Let b(n) = n + 6. Let f(t) = 5*b(t) - 2*j(t). What is f(-5)?
-13
Suppose 41*r = 45*r - 8. Let m(i) = -23*i**2 + 20 + 44*i**r - 22*i**2. What is m(0)?
20
Let r(x) be the second derivative of -7*x**5/10 - x**2/2 + 314*x. Let c = -1 - -1. Let u(h) = -h**2 - h + 1. Let n be u(c). Calculate r(n).
-15
Let h(r) = -r**2 - 3*r - 1. Let t = 8 - 9. Let y(s) = -5*s - 1. Let j be y(t). Suppose -u = j*n + 15, u = -2*n + 3*u. What is h(n)?
-1
Let u(k) = 3*k - 29814*k**2 + 29813*k**2 + 8 + k. Calculate u(7).
-13
Suppose -2*i - 2*i + 8 = 0. Let u = -22 